{"id":3515,"date":"2020-12-04T11:28:06","date_gmt":"2020-12-04T11:28:06","guid":{"rendered":"http:\/\/v2.destilacija.net\/?page_id=3515"},"modified":"2021-01-15T12:20:21","modified_gmt":"2021-01-15T12:20:21","slug":"upravni-odbor","status":"publish","type":"page","link":"https:\/\/destilacija.net\/index.php\/upravni-odbor\/","title":{"rendered":"UPRAVNI ODBOR"},"content":{"rendered":"<p>[vc_row][vc_column width=&#8221;1\/4&#8243;][vc_single_image image=&#8221;3849&#8243;][\/vc_column][vc_column width=&#8221;3\/4&#8243;][vc_column_text]<\/p>\n<h4 style=\"text-align: center;\">Novo \u0160krebi\u0107<\/h4>\n<h5 style=\"text-align: center;\">Predsjednik upravnog odbora<\/h5>\n<p>&nbsp;<\/p>\n<p>&nbsp;<\/p>\n<p>Ro\u0111en u Tesli\u0107u, gdje je zavr\u0161io osnovnu i srednju \u0161kolu. Tehnolo\u0161ki fakultet zavr\u0161io u Tuzli. U HI \u201eDestilacija\u201d a.d. Tesli\u0107 radio od 1977. godine. Radio na mjestu rukovodioca pogona, \u0161efa proizvodnje, tehni\u010dkog direktora, a direktor je od 2001. godine. Vr\u0161io je du\u017enost predsjednika Privredne komore regije Doboj te je bio i predsjednik Upravnog odbora Privredne komore RS. Vr\u0161io je du\u017enost direktora u HI Destilacija a.d. Tesli\u0107 do 2019. godine, kada se penzionisao. Danas je predsjednik Upravnog odbora HI Destilacije a.d. Tesli\u0107.<\/p>\n<p>&nbsp;<\/p>\n<p><strong>\u00a0<\/strong>[\/vc_column_text][\/vc_column][\/vc_row][vc_row][vc_column width=&#8221;1\/4&#8243;][vc_single_image image=&#8221;3852&#8243;][\/vc_column][vc_column width=&#8221;3\/4&#8243;][vc_column_text]<\/p>\n<h4 style=\"text-align: center;\">Du\u0161ko Marko\u010devi\u0107<\/h4>\n<h5 style=\"text-align: center;\">dipl. ecc, \u010dlan<\/h5>\n<p>&nbsp;<\/p>\n<p>&nbsp;<\/p>\n<div class=\"service-details\">Ro\u0111en 01.06.1958. godine u Tesli\u0107u, gdje je zavr\u0161io osnovnu i srednju \u0161kolu. Ekonomski fakultet zavr\u0161io je u Banjoj Luci 1981. godine. U HI \u201eDestilacija\u201d a.d. Tesli\u0107 radio od 1981. godine, u sektoru za razvoj, kasnije u nabavi. Danas je rukovodioc nabavne slu\u017ebe i \u010dlan Upravnog odbora HI \u201eDestilacija\u201d a.d. Tesli\u0107.<\/div>\n<p>[\/vc_column_text][\/vc_column][\/vc_row][vc_row][vc_column width=&#8221;1\/4&#8243;][vc_single_image image=&#8221;3855&#8243; img_size=&#8221;full&#8221;][\/vc_column][vc_column width=&#8221;3\/4&#8243;][vc_column_text]<\/p>\n<div class=\"service-column service-info-box service-column-1 service-boxes-icon-with-title alignicon-left alignicon-left-horizontal serviceboxes-horizontal clearfix\">\n<div class=\"service-item service-item-space\">\n<h4 style=\"text-align: center;\">Dr Igor Dodig<\/h4>\n<h5 style=\"text-align: center;\">\u010dlan<\/h5>\n<\/div>\n<\/div>\n<p>&nbsp;<\/p>\n<p>&nbsp;<\/p>\n<div class=\"service-column service-info-box service-column-1 service-boxes-icon-with-title alignicon-left alignicon-left-horizontal serviceboxes-horizontal clearfix\">\n<div class=\"service-item service-item-space\">\n<div class=\"service-details\">\n<p>Ro\u0111en u Banjoj Luci 1975. godine. Zvanje diplomiranog in\u017eenjera menad\u017ementa stekao na Fakultetu organizacionih nauka u Beogradu, a postdiplomske studije zavr\u0161io na Metropolitan University u Londonu. Zvanje doktora ekonomskih nauka stekao na Univerzitetu Signidunum u Beogradu. Posjeduje zvanje brokera i investicionog menad\u017eera od 2002. godine. Preko 15 godina iskustva, uklju\u010duju\u0107i rukovode\u0107e pozicije, u finansijama, tr\u017ei\u0161tu kapitala i investicionim fondovima. Pored toga, u okviru akademske karijere kao docent dr je radio kao predava\u010d na fakultetu u oblasti marketinga, komunikacija i PR-a. Trenutno radi kao konsultant u IT industriji u segmentu razvoja softverskih aplikacija za e-banking sisteme i digitalnu transformaciju kompanija.<\/p>\n<\/div>\n<\/div>\n<\/div>\n<p>[\/vc_column_text][\/vc_column][\/vc_row]<\/p>\n","protected":false},"excerpt":{"rendered":"<p>[vc_row][vc_column width=&#8221;1\/4&#8243;][vc_single_image image=&#8221;3849&#8243;][\/vc_column][vc_column width=&#8221;3\/4&#8243;][vc_column_text] Novo \u0160krebi\u0107 Predsjednik upravnog odbora &nbsp; &nbsp; Ro\u0111en u Tesli\u0107u, gdje je zavr\u0161io osnovnu i srednju \u0161kolu. Tehnolo\u0161ki fakultet zavr\u0161io u Tuzli. U HI \u201eDestilacija\u201d a.d. Tesli\u0107 radio od 1977. godine. Radio na mjestu rukovodioca pogona, \u0161efa proizvodnje, tehni\u010dkog direktora, a direktor je od 2001. godine. Vr\u0161io je du\u017enost predsjednika Privredne [&hellip;]<\/p>\n","protected":false},"author":1,"featured_media":0,"parent":0,"menu_order":0,"comment_status":"closed","ping_status":"closed","template":"page-templates\/template-fullwidth.php","meta":{"footnotes":""},"class_list":["post-3515","page","type-page","status-publish","hentry"],"yoast_head":"<!-- This site is optimized with the Yoast SEO plugin v27.2 - https:\/\/yoast.com\/product\/yoast-seo-wordpress\/ -->\n<title>UPRAVNI ODBOR &#8211; DESTILACIJA TESLI\u0106<\/title>\n<meta name=\"robots\" content=\"index, follow, max-snippet:-1, max-image-preview:large, max-video-preview:-1\" \/>\n<link rel=\"canonical\" href=\"https:\/\/destilacija.net\/index.php\/upravni-odbor\/\" \/>\n<meta property=\"og:locale\" content=\"sr_RS\" \/>\n<meta property=\"og:type\" content=\"article\" \/>\n<meta property=\"og:title\" content=\"UPRAVNI ODBOR &#8211; DESTILACIJA TESLI\u0106\" \/>\n<meta property=\"og:description\" content=\"[vc_row][vc_column width=&#8221;1\/4&#8243;][vc_single_image image=&#8221;3849&#8243;][\/vc_column][vc_column width=&#8221;3\/4&#8243;][vc_column_text] Novo \u0160krebi\u0107 Predsjednik upravnog odbora &nbsp; &nbsp; Ro\u0111en u Tesli\u0107u, gdje je zavr\u0161io osnovnu i srednju \u0161kolu. Tehnolo\u0161ki fakultet zavr\u0161io u Tuzli. U HI \u201eDestilacija\u201d a.d. Tesli\u0107 radio od 1977. godine. Radio na mjestu rukovodioca pogona, \u0161efa proizvodnje, tehni\u010dkog direktora, a direktor je od 2001. godine. Vr\u0161io je du\u017enost predsjednika Privredne [&hellip;]\" \/>\n<meta property=\"og:url\" content=\"https:\/\/destilacija.net\/index.php\/upravni-odbor\/\" \/>\n<meta property=\"og:site_name\" content=\"DESTILACIJA TESLI\u0106\" \/>\n<meta property=\"article:modified_time\" content=\"2021-01-15T12:20:21+00:00\" \/>\n<meta name=\"twitter:card\" content=\"summary_large_image\" \/>\n<meta name=\"twitter:label1\" content=\"\u041f\u0440\u043e\u0446\u0435\u045a\u0435\u043d\u043e \u0432\u0440\u0435\u043c\u0435 \u0447\u0438\u0442\u0430\u045a\u0430\" \/>\n\t<meta name=\"twitter:data1\" content=\"2 \u043c\u0438\u043d\u0443\u0442\u0430\" \/>\n<script type=\"application\/ld+json\" class=\"yoast-schema-graph\">{\"@context\":\"https:\/\/schema.org\",\"@graph\":[{\"@type\":\"WebPage\",\"@id\":\"https:\/\/destilacija.net\/index.php\/upravni-odbor\/\",\"url\":\"https:\/\/destilacija.net\/index.php\/upravni-odbor\/\",\"name\":\"UPRAVNI ODBOR &#8211; DESTILACIJA TESLI\u0106\",\"isPartOf\":{\"@id\":\"https:\/\/destilacija.net\/#website\"},\"datePublished\":\"2020-12-04T11:28:06+00:00\",\"dateModified\":\"2021-01-15T12:20:21+00:00\",\"breadcrumb\":{\"@id\":\"https:\/\/destilacija.net\/index.php\/upravni-odbor\/#breadcrumb\"},\"inLanguage\":\"sr-RS\",\"potentialAction\":[{\"@type\":\"ReadAction\",\"target\":[\"https:\/\/destilacija.net\/index.php\/upravni-odbor\/\"]}]},{\"@type\":\"BreadcrumbList\",\"@id\":\"https:\/\/destilacija.net\/index.php\/upravni-odbor\/#breadcrumb\",\"itemListElement\":[{\"@type\":\"ListItem\",\"position\":1,\"name\":\"\u041f\u043e\u0447\u0435\u0442\u043d\u0430\",\"item\":\"https:\/\/destilacija.net\/\"},{\"@type\":\"ListItem\",\"position\":2,\"name\":\"UPRAVNI ODBOR\"}]},{\"@type\":\"WebSite\",\"@id\":\"https:\/\/destilacija.net\/#website\",\"url\":\"https:\/\/destilacija.net\/\",\"name\":\"Destilacija Tesli\u0107\",\"description\":\"\",\"publisher\":{\"@id\":\"https:\/\/destilacija.net\/#organization\"},\"potentialAction\":[{\"@type\":\"SearchAction\",\"target\":{\"@type\":\"EntryPoint\",\"urlTemplate\":\"https:\/\/destilacija.net\/?s={search_term_string}\"},\"query-input\":{\"@type\":\"PropertyValueSpecification\",\"valueRequired\":true,\"valueName\":\"search_term_string\"}}],\"inLanguage\":\"sr-RS\"},{\"@type\":\"Organization\",\"@id\":\"https:\/\/destilacija.net\/#organization\",\"name\":\"Destilacija Tesli\u0107\",\"url\":\"https:\/\/destilacija.net\/\",\"logo\":{\"@type\":\"ImageObject\",\"inLanguage\":\"sr-RS\",\"@id\":\"https:\/\/destilacija.net\/#\/schema\/logo\/image\/\",\"url\":\"https:\/\/destilacija.net\/wp-content\/uploads\/2021\/01\/shutterstock_1021177186-Copy.jpg\",\"contentUrl\":\"https:\/\/destilacija.net\/wp-content\/uploads\/2021\/01\/shutterstock_1021177186-Copy.jpg\",\"width\":2558,\"height\":1706,\"caption\":\"Destilacija Tesli\u0107\"},\"image\":{\"@id\":\"https:\/\/destilacija.net\/#\/schema\/logo\/image\/\"}}]}<\/script>\n<!-- \/ Yoast SEO plugin. -->","yoast_head_json":{"title":"UPRAVNI ODBOR &#8211; DESTILACIJA TESLI\u0106","robots":{"index":"index","follow":"follow","max-snippet":"max-snippet:-1","max-image-preview":"max-image-preview:large","max-video-preview":"max-video-preview:-1"},"canonical":"https:\/\/destilacija.net\/index.php\/upravni-odbor\/","og_locale":"sr_RS","og_type":"article","og_title":"UPRAVNI ODBOR &#8211; DESTILACIJA TESLI\u0106","og_description":"[vc_row][vc_column width=&#8221;1\/4&#8243;][vc_single_image image=&#8221;3849&#8243;][\/vc_column][vc_column width=&#8221;3\/4&#8243;][vc_column_text] Novo \u0160krebi\u0107 Predsjednik upravnog odbora &nbsp; &nbsp; Ro\u0111en u Tesli\u0107u, gdje je zavr\u0161io osnovnu i srednju \u0161kolu. Tehnolo\u0161ki fakultet zavr\u0161io u Tuzli. U HI \u201eDestilacija\u201d a.d. Tesli\u0107 radio od 1977. godine. Radio na mjestu rukovodioca pogona, \u0161efa proizvodnje, tehni\u010dkog direktora, a direktor je od 2001. godine. Vr\u0161io je du\u017enost predsjednika Privredne [&hellip;]","og_url":"https:\/\/destilacija.net\/index.php\/upravni-odbor\/","og_site_name":"DESTILACIJA TESLI\u0106","article_modified_time":"2021-01-15T12:20:21+00:00","twitter_card":"summary_large_image","twitter_misc":{"\u041f\u0440\u043e\u0446\u0435\u045a\u0435\u043d\u043e \u0432\u0440\u0435\u043c\u0435 \u0447\u0438\u0442\u0430\u045a\u0430":"2 \u043c\u0438\u043d\u0443\u0442\u0430"},"schema":{"@context":"https:\/\/schema.org","@graph":[{"@type":"WebPage","@id":"https:\/\/destilacija.net\/index.php\/upravni-odbor\/","url":"https:\/\/destilacija.net\/index.php\/upravni-odbor\/","name":"UPRAVNI ODBOR &#8211; DESTILACIJA TESLI\u0106","isPartOf":{"@id":"https:\/\/destilacija.net\/#website"},"datePublished":"2020-12-04T11:28:06+00:00","dateModified":"2021-01-15T12:20:21+00:00","breadcrumb":{"@id":"https:\/\/destilacija.net\/index.php\/upravni-odbor\/#breadcrumb"},"inLanguage":"sr-RS","potentialAction":[{"@type":"ReadAction","target":["https:\/\/destilacija.net\/index.php\/upravni-odbor\/"]}]},{"@type":"BreadcrumbList","@id":"https:\/\/destilacija.net\/index.php\/upravni-odbor\/#breadcrumb","itemListElement":[{"@type":"ListItem","position":1,"name":"\u041f\u043e\u0447\u0435\u0442\u043d\u0430","item":"https:\/\/destilacija.net\/"},{"@type":"ListItem","position":2,"name":"UPRAVNI ODBOR"}]},{"@type":"WebSite","@id":"https:\/\/destilacija.net\/#website","url":"https:\/\/destilacija.net\/","name":"Destilacija Tesli\u0107","description":"","publisher":{"@id":"https:\/\/destilacija.net\/#organization"},"potentialAction":[{"@type":"SearchAction","target":{"@type":"EntryPoint","urlTemplate":"https:\/\/destilacija.net\/?s={search_term_string}"},"query-input":{"@type":"PropertyValueSpecification","valueRequired":true,"valueName":"search_term_string"}}],"inLanguage":"sr-RS"},{"@type":"Organization","@id":"https:\/\/destilacija.net\/#organization","name":"Destilacija Tesli\u0107","url":"https:\/\/destilacija.net\/","logo":{"@type":"ImageObject","inLanguage":"sr-RS","@id":"https:\/\/destilacija.net\/#\/schema\/logo\/image\/","url":"https:\/\/destilacija.net\/wp-content\/uploads\/2021\/01\/shutterstock_1021177186-Copy.jpg","contentUrl":"https:\/\/destilacija.net\/wp-content\/uploads\/2021\/01\/shutterstock_1021177186-Copy.jpg","width":2558,"height":1706,"caption":"Destilacija Tesli\u0107"},"image":{"@id":"https:\/\/destilacija.net\/#\/schema\/logo\/image\/"}}]}},"_links":{"self":[{"href":"https:\/\/destilacija.net\/index.php\/wp-json\/wp\/v2\/pages\/3515","targetHints":{"allow":["GET"]}}],"collection":[{"href":"https:\/\/destilacija.net\/index.php\/wp-json\/wp\/v2\/pages"}],"about":[{"href":"https:\/\/destilacija.net\/index.php\/wp-json\/wp\/v2\/types\/page"}],"author":[{"embeddable":true,"href":"https:\/\/destilacija.net\/index.php\/wp-json\/wp\/v2\/users\/1"}],"replies":[{"embeddable":true,"href":"https:\/\/destilacija.net\/index.php\/wp-json\/wp\/v2\/comments?post=3515"}],"version-history":[{"count":18,"href":"https:\/\/destilacija.net\/index.php\/wp-json\/wp\/v2\/pages\/3515\/revisions"}],"predecessor-version":[{"id":4497,"href":"https:\/\/destilacija.net\/index.php\/wp-json\/wp\/v2\/pages\/3515\/revisions\/4497"}],"wp:attachment":[{"href":"https:\/\/destilacija.net\/index.php\/wp-json\/wp\/v2\/media?parent=3515"}],"curies":[{"name":"wp","href":"https:\/\/api.w.org\/{rel}","templated":true}]}}