{"id":3722,"date":"2020-12-04T10:16:48","date_gmt":"2020-12-04T10:16:48","guid":{"rendered":"http:\/\/v2.destilacija.net\/index.php\/politika-integrisanog-sistema-upravljanja\/"},"modified":"2020-12-23T10:24:23","modified_gmt":"2020-12-23T10:24:23","slug":"politika-integrisanog-sistema-upravljanja","status":"publish","type":"page","link":"https:\/\/destilacija.net\/index.php\/politika-integrisanog-sistema-upravljanja\/?lang=de","title":{"rendered":"INTEGRIERTE POLITIK DES MANAGEMENTSYSTEMS"},"content":{"rendered":"<p>[vc_row][vc_column][vc_column_text el_class=&#8221;lista&#8221;]Das Top-Management von Destillation ist fest entschlossen, Arbeitspl\u00e4tze zu \u00fcbernehmen, f\u00fcr deren Zufriedenheit angemessene F\u00e4higkeiten vorhanden sind, und dabei alle geltenden nationalen und internationalen Standards einzuhalten.<\/p>\n<p>&nbsp;<\/p>\n<p>Wir glauben, dass die Art und Weise, wie wir unser Gesch\u00e4ft f\u00fchren, entscheidend f\u00fcr unseren Erfolg ist. Das Top-Management von Destillation ist der Realisierung von Produkten h\u00f6chster Qualit\u00e4t verpflichtet.<\/p>\n<p>&nbsp;<\/p>\n<p>Um dieses Ziel zu erreichen, besteht die Destillationspolitik darin, ein wirksames System integrierter Standards in allen Aspekten der Gesch\u00e4ftst\u00e4tigkeit zu etablieren. Jeder Mitarbeiter ist f\u00fcr die Qualit\u00e4t seiner Arbeit verantwortlich und verpflichtet, sich an IMS-Dokumente zu halten und die ihm von seinen Vorgesetzten \u00fcbertragenen Aufgaben auszuf\u00fchren.<\/p>\n<p>&nbsp;<\/p>\n<p>Die Politik der Destillation besteht darin, einen guten Ruf in den Bereichen Wirtschaft, Umweltschutz, Sicherheit und Gesundheitsschutz am Arbeitsplatz, eine umfassendere und sorgf\u00e4ltigere Zusammenarbeit sowie bessere, schnellere und effizientere Dienstleistungen f\u00fcr unsere Kunden \/ Benutzer zu erlangen.<\/p>\n<p>&nbsp;<\/p>\n<p>In diesem Zusammenhang wurden die folgenden Grunds\u00e4tze der IMS-Politik festgelegt:<\/p>\n<p>&nbsp;<\/p>\n<ul>\n<li>Die Verbesserung der Qualit\u00e4t ist die Grundaufgabe aller Mitarbeiter.<\/li>\n<li>Die erwartete Qualit\u00e4t sollte mit gr\u00f6\u00dftm\u00f6glicher Kostensenkung, Effizienzsteigerung und Produktivit\u00e4t erreicht werden, was zu einem besseren Standard der Mitarbeiter beitr\u00e4gt.<\/li>\n<li>Alle Mitarbeiter sollten Ressourcen und Energie sparen, die Umwelt- und Umweltverschmutzung verringern oder beseitigen und die Abfallentsorgung kontrollieren.<\/li>\n<li>Unsere Produkte sollten in Bezug auf Qualit\u00e4t, Frist und Preise besser sein als die Konkurrenz. Alle unsere Mitarbeiter und Lieferanten m\u00fcssen die Richtlinien unseres Unternehmens erf\u00fcllen. &lt;\/ li&gt; &lt;\/ ul&gt;<\/li>\n<li>Unsere dauerhaften Verpflichtungen sind die Sicherheit von Einrichtungen sowie gesunde und sichere Arbeitspl\u00e4tze, an denen kein Risiko f\u00fcr die Mitarbeiter angestrebt wird.<br \/>\nDas Top-Management der Destillation stellt sicher, dass alle Mitarbeiter die IMS-Richtlinie vollst\u00e4ndig umsetzen und die festgelegten Ziele durch ihre Arbeit erreichen.<\/li>\n<\/ul>\n<p>&nbsp;<\/p>\n<p>Das Top-Management von Destillation wird stets mit neuen Technologien Schritt halten und alle Mitarbeiter angemessen schulen, um Arbeitsaufgaben effizient ausf\u00fchren zu k\u00f6nnen.<\/p>\n<p>&nbsp;<\/p>\n<p>Das Hauptziel von IMS Destillation ist es, die dauerhafte Erf\u00fcllung aller Anforderungen durch die Normen ISO 9001: 2008, ISO 14001: 2004, OHSAS 18001: 2007 und HACCP-System sicherzustellen.[\/vc_column_text][\/vc_column][\/vc_row][vc_row][vc_column][vc_column_text]<\/p>\n<p>[\/vc_column_text][\/vc_column][\/vc_row]<\/p>\n","protected":false},"excerpt":{"rendered":"<p>[vc_row][vc_column][vc_column_text el_class=&#8221;lista&#8221;]Das Top-Management von Destillation ist fest entschlossen, Arbeitspl\u00e4tze zu \u00fcbernehmen, f\u00fcr deren Zufriedenheit angemessene F\u00e4higkeiten vorhanden sind, und dabei alle geltenden nationalen und internationalen Standards einzuhalten. &nbsp; Wir glauben, dass die Art und Weise, wie wir unser Gesch\u00e4ft f\u00fchren, entscheidend f\u00fcr unseren Erfolg ist. Das Top-Management von Destillation ist der Realisierung von Produkten h\u00f6chster [&hellip;]<\/p>\n","protected":false},"author":1,"featured_media":0,"parent":0,"menu_order":0,"comment_status":"closed","ping_status":"closed","template":"page-templates\/template-fullwidth.php","meta":{"footnotes":""},"class_list":["post-3722","page","type-page","status-publish","hentry"],"yoast_head":"<!-- This site is optimized with the Yoast SEO plugin v27.2 - https:\/\/yoast.com\/product\/yoast-seo-wordpress\/ -->\n<title>INTEGRIERTE POLITIK DES MANAGEMENTSYSTEMS &#8211; DESTILACIJA TESLI\u0106<\/title>\n<meta name=\"robots\" content=\"index, follow, max-snippet:-1, max-image-preview:large, max-video-preview:-1\" \/>\n<link rel=\"canonical\" href=\"https:\/\/destilacija.net\/index.php\/politika-integrisanog-sistema-upravljanja\/\" \/>\n<meta property=\"og:locale\" content=\"sr_RS\" \/>\n<meta property=\"og:type\" content=\"article\" \/>\n<meta property=\"og:title\" content=\"INTEGRIERTE POLITIK DES MANAGEMENTSYSTEMS &#8211; DESTILACIJA TESLI\u0106\" \/>\n<meta property=\"og:description\" content=\"[vc_row][vc_column][vc_column_text el_class=&#8221;lista&#8221;]Das Top-Management von Destillation ist fest entschlossen, Arbeitspl\u00e4tze zu \u00fcbernehmen, f\u00fcr deren Zufriedenheit angemessene F\u00e4higkeiten vorhanden sind, und dabei alle geltenden nationalen und internationalen Standards einzuhalten. &nbsp; Wir glauben, dass die Art und Weise, wie wir unser Gesch\u00e4ft f\u00fchren, entscheidend f\u00fcr unseren Erfolg ist. Das Top-Management von Destillation ist der Realisierung von Produkten h\u00f6chster [&hellip;]\" \/>\n<meta property=\"og:url\" content=\"https:\/\/destilacija.net\/index.php\/politika-integrisanog-sistema-upravljanja\/?lang=de\" \/>\n<meta property=\"og:site_name\" content=\"DESTILACIJA TESLI\u0106\" \/>\n<meta property=\"article:modified_time\" content=\"2020-12-23T10:24:23+00:00\" \/>\n<meta name=\"twitter:card\" content=\"summary_large_image\" \/>\n<meta name=\"twitter:label1\" content=\"\u041f\u0440\u043e\u0446\u0435\u045a\u0435\u043d\u043e \u0432\u0440\u0435\u043c\u0435 \u0447\u0438\u0442\u0430\u045a\u0430\" \/>\n\t<meta name=\"twitter:data1\" content=\"2 \u043c\u0438\u043d\u0443\u0442\u0430\" \/>\n<script type=\"application\/ld+json\" class=\"yoast-schema-graph\">{\"@context\":\"https:\/\/schema.org\",\"@graph\":[{\"@type\":\"WebPage\",\"@id\":\"https:\/\/destilacija.net\/index.php\/politika-integrisanog-sistema-upravljanja\/?lang=de\",\"url\":\"https:\/\/destilacija.net\/index.php\/politika-integrisanog-sistema-upravljanja\/?lang=de\",\"name\":\"INTEGRIERTE POLITIK DES MANAGEMENTSYSTEMS &#8211; DESTILACIJA TESLI\u0106\",\"isPartOf\":{\"@id\":\"https:\/\/destilacija.net\/#website\"},\"datePublished\":\"2020-12-04T10:16:48+00:00\",\"dateModified\":\"2020-12-23T10:24:23+00:00\",\"breadcrumb\":{\"@id\":\"https:\/\/destilacija.net\/index.php\/politika-integrisanog-sistema-upravljanja\/?lang=de#breadcrumb\"},\"inLanguage\":\"sr-RS\",\"potentialAction\":[{\"@type\":\"ReadAction\",\"target\":[\"https:\/\/destilacija.net\/index.php\/politika-integrisanog-sistema-upravljanja\/?lang=de\"]}]},{\"@type\":\"BreadcrumbList\",\"@id\":\"https:\/\/destilacija.net\/index.php\/politika-integrisanog-sistema-upravljanja\/?lang=de#breadcrumb\",\"itemListElement\":[{\"@type\":\"ListItem\",\"position\":1,\"name\":\"\u041f\u043e\u0447\u0435\u0442\u043d\u0430\",\"item\":\"https:\/\/destilacija.net\/\"},{\"@type\":\"ListItem\",\"position\":2,\"name\":\"INTEGRIERTE POLITIK DES MANAGEMENTSYSTEMS\"}]},{\"@type\":\"WebSite\",\"@id\":\"https:\/\/destilacija.net\/#website\",\"url\":\"https:\/\/destilacija.net\/\",\"name\":\"Destilacija Tesli\u0107\",\"description\":\"\",\"publisher\":{\"@id\":\"https:\/\/destilacija.net\/#organization\"},\"potentialAction\":[{\"@type\":\"SearchAction\",\"target\":{\"@type\":\"EntryPoint\",\"urlTemplate\":\"https:\/\/destilacija.net\/?s={search_term_string}\"},\"query-input\":{\"@type\":\"PropertyValueSpecification\",\"valueRequired\":true,\"valueName\":\"search_term_string\"}}],\"inLanguage\":\"sr-RS\"},{\"@type\":\"Organization\",\"@id\":\"https:\/\/destilacija.net\/#organization\",\"name\":\"Destilacija Tesli\u0107\",\"url\":\"https:\/\/destilacija.net\/\",\"logo\":{\"@type\":\"ImageObject\",\"inLanguage\":\"sr-RS\",\"@id\":\"https:\/\/destilacija.net\/#\/schema\/logo\/image\/\",\"url\":\"https:\/\/destilacija.net\/wp-content\/uploads\/2021\/01\/shutterstock_1021177186-Copy.jpg\",\"contentUrl\":\"https:\/\/destilacija.net\/wp-content\/uploads\/2021\/01\/shutterstock_1021177186-Copy.jpg\",\"width\":2558,\"height\":1706,\"caption\":\"Destilacija Tesli\u0107\"},\"image\":{\"@id\":\"https:\/\/destilacija.net\/#\/schema\/logo\/image\/\"}}]}<\/script>\n<!-- \/ Yoast SEO plugin. -->","yoast_head_json":{"title":"INTEGRIERTE POLITIK DES MANAGEMENTSYSTEMS &#8211; DESTILACIJA TESLI\u0106","robots":{"index":"index","follow":"follow","max-snippet":"max-snippet:-1","max-image-preview":"max-image-preview:large","max-video-preview":"max-video-preview:-1"},"canonical":"https:\/\/destilacija.net\/index.php\/politika-integrisanog-sistema-upravljanja\/","og_locale":"sr_RS","og_type":"article","og_title":"INTEGRIERTE POLITIK DES MANAGEMENTSYSTEMS &#8211; DESTILACIJA TESLI\u0106","og_description":"[vc_row][vc_column][vc_column_text el_class=&#8221;lista&#8221;]Das Top-Management von Destillation ist fest entschlossen, Arbeitspl\u00e4tze zu \u00fcbernehmen, f\u00fcr deren Zufriedenheit angemessene F\u00e4higkeiten vorhanden sind, und dabei alle geltenden nationalen und internationalen Standards einzuhalten. &nbsp; Wir glauben, dass die Art und Weise, wie wir unser Gesch\u00e4ft f\u00fchren, entscheidend f\u00fcr unseren Erfolg ist. Das Top-Management von Destillation ist der Realisierung von Produkten h\u00f6chster [&hellip;]","og_url":"https:\/\/destilacija.net\/index.php\/politika-integrisanog-sistema-upravljanja\/?lang=de","og_site_name":"DESTILACIJA TESLI\u0106","article_modified_time":"2020-12-23T10:24:23+00:00","twitter_card":"summary_large_image","twitter_misc":{"\u041f\u0440\u043e\u0446\u0435\u045a\u0435\u043d\u043e \u0432\u0440\u0435\u043c\u0435 \u0447\u0438\u0442\u0430\u045a\u0430":"2 \u043c\u0438\u043d\u0443\u0442\u0430"},"schema":{"@context":"https:\/\/schema.org","@graph":[{"@type":"WebPage","@id":"https:\/\/destilacija.net\/index.php\/politika-integrisanog-sistema-upravljanja\/?lang=de","url":"https:\/\/destilacija.net\/index.php\/politika-integrisanog-sistema-upravljanja\/?lang=de","name":"INTEGRIERTE POLITIK DES MANAGEMENTSYSTEMS &#8211; DESTILACIJA TESLI\u0106","isPartOf":{"@id":"https:\/\/destilacija.net\/#website"},"datePublished":"2020-12-04T10:16:48+00:00","dateModified":"2020-12-23T10:24:23+00:00","breadcrumb":{"@id":"https:\/\/destilacija.net\/index.php\/politika-integrisanog-sistema-upravljanja\/?lang=de#breadcrumb"},"inLanguage":"sr-RS","potentialAction":[{"@type":"ReadAction","target":["https:\/\/destilacija.net\/index.php\/politika-integrisanog-sistema-upravljanja\/?lang=de"]}]},{"@type":"BreadcrumbList","@id":"https:\/\/destilacija.net\/index.php\/politika-integrisanog-sistema-upravljanja\/?lang=de#breadcrumb","itemListElement":[{"@type":"ListItem","position":1,"name":"\u041f\u043e\u0447\u0435\u0442\u043d\u0430","item":"https:\/\/destilacija.net\/"},{"@type":"ListItem","position":2,"name":"INTEGRIERTE POLITIK DES MANAGEMENTSYSTEMS"}]},{"@type":"WebSite","@id":"https:\/\/destilacija.net\/#website","url":"https:\/\/destilacija.net\/","name":"Destilacija Tesli\u0107","description":"","publisher":{"@id":"https:\/\/destilacija.net\/#organization"},"potentialAction":[{"@type":"SearchAction","target":{"@type":"EntryPoint","urlTemplate":"https:\/\/destilacija.net\/?s={search_term_string}"},"query-input":{"@type":"PropertyValueSpecification","valueRequired":true,"valueName":"search_term_string"}}],"inLanguage":"sr-RS"},{"@type":"Organization","@id":"https:\/\/destilacija.net\/#organization","name":"Destilacija Tesli\u0107","url":"https:\/\/destilacija.net\/","logo":{"@type":"ImageObject","inLanguage":"sr-RS","@id":"https:\/\/destilacija.net\/#\/schema\/logo\/image\/","url":"https:\/\/destilacija.net\/wp-content\/uploads\/2021\/01\/shutterstock_1021177186-Copy.jpg","contentUrl":"https:\/\/destilacija.net\/wp-content\/uploads\/2021\/01\/shutterstock_1021177186-Copy.jpg","width":2558,"height":1706,"caption":"Destilacija Tesli\u0107"},"image":{"@id":"https:\/\/destilacija.net\/#\/schema\/logo\/image\/"}}]}},"_links":{"self":[{"href":"https:\/\/destilacija.net\/index.php\/wp-json\/wp\/v2\/pages\/3722","targetHints":{"allow":["GET"]}}],"collection":[{"href":"https:\/\/destilacija.net\/index.php\/wp-json\/wp\/v2\/pages"}],"about":[{"href":"https:\/\/destilacija.net\/index.php\/wp-json\/wp\/v2\/types\/page"}],"author":[{"embeddable":true,"href":"https:\/\/destilacija.net\/index.php\/wp-json\/wp\/v2\/users\/1"}],"replies":[{"embeddable":true,"href":"https:\/\/destilacija.net\/index.php\/wp-json\/wp\/v2\/comments?post=3722"}],"version-history":[{"count":5,"href":"https:\/\/destilacija.net\/index.php\/wp-json\/wp\/v2\/pages\/3722\/revisions"}],"predecessor-version":[{"id":4147,"href":"https:\/\/destilacija.net\/index.php\/wp-json\/wp\/v2\/pages\/3722\/revisions\/4147"}],"wp:attachment":[{"href":"https:\/\/destilacija.net\/index.php\/wp-json\/wp\/v2\/media?parent=3722"}],"curies":[{"name":"wp","href":"https:\/\/api.w.org\/{rel}","templated":true}]}}