{"id":3907,"date":"2020-12-04T11:28:06","date_gmt":"2020-12-04T11:28:06","guid":{"rendered":"http:\/\/v2.destilacija.net\/index.php\/upravni-odbor\/"},"modified":"2021-01-05T07:34:09","modified_gmt":"2021-01-05T07:34:09","slug":"upravni-odbor","status":"publish","type":"page","link":"https:\/\/destilacija.net\/index.php\/upravni-odbor\/?lang=de","title":{"rendered":"DER AUFSICHTSRAT"},"content":{"rendered":"<p>[vc_row][vc_column width=&#8221;1\/4&#8243;][vc_single_image image=&#8221;3849&#8243;][\/vc_column][vc_column width=&#8221;3\/4&#8243;][vc_column_text]<\/p>\n<h4 style=\"text-align: center;\">Novo \u0160krebi\u0107<\/h4>\n<h5 style=\"text-align: center;\"><span class=\"VIiyi\" lang=\"de\"><span class=\"JLqJ4b ChMk0b\" data-language-for-alternatives=\"de\" data-language-to-translate-into=\"auto\" data-phrase-index=\"0\">Vostandsvorsitzender<\/span><\/span><\/h5>\n<p>&nbsp;<\/p>\n<p>&nbsp;<\/p>\n<p><span class=\"VIiyi\" lang=\"de\"><span class=\"JLqJ4b ChMk0b\" data-language-for-alternatives=\"de\" data-language-to-translate-into=\"auto\" data-phrase-index=\"0\">Geboren in Tesli\u0107, wo er die Grund- und weiterf\u00fchrende Schule abschloss.<\/span> <span class=\"JLqJ4b ChMk0b\" data-language-for-alternatives=\"de\" data-language-to-translate-into=\"auto\" data-phrase-index=\"1\">Abschluss an der Technischen Fakult\u00e4t in Tuzla.<\/span> <span class=\"JLqJ4b ChMk0b\" data-language-for-alternatives=\"de\" data-language-to-translate-into=\"auto\" data-phrase-index=\"2\">In HI \u201eDestillation&#8221; a.d.<\/span> <span class=\"JLqJ4b ChMk0b\" data-language-for-alternatives=\"de\" data-language-to-translate-into=\"auto\" data-phrase-index=\"3\">Teslic arbeitet seit 1977.<\/span> <span class=\"JLqJ4b ChMk0b\" data-language-for-alternatives=\"de\" data-language-to-translate-into=\"auto\" data-phrase-index=\"4\">Er arbeitete als Werksleiter, Produktionsleiter, technischer Direktor und ist seit 2001 Direktor.<\/span> <span class=\"JLqJ4b ChMk0b\" data-language-for-alternatives=\"de\" data-language-to-translate-into=\"auto\" data-phrase-index=\"5\">Er war Pr\u00e4sident der Handelskammer der Region Doboj und Mitglied und Vizepr\u00e4sident des Vorstands der Handelskammer der RS.<\/span> <span class=\"JLqJ4b ChMk0b\" data-language-for-alternatives=\"de\" data-language-to-translate-into=\"auto\" data-phrase-index=\"6\">Er war bis 2019 Direktor des DHI, als er in den Ruhestand ging.<\/span><\/span><\/p>\n<p>&nbsp;<\/p>\n<p><strong>\u00a0<\/strong>[\/vc_column_text][\/vc_column][\/vc_row][vc_row][vc_column width=&#8221;1\/4&#8243;][vc_single_image image=&#8221;3852&#8243;][\/vc_column][vc_column width=&#8221;3\/4&#8243;][vc_column_text]<\/p>\n<h4 style=\"text-align: center;\">Du\u0161ko Marko\u010devi\u0107<\/h4>\n<h5 style=\"text-align: center;\">Abs. ecc, <span class=\"VIiyi\" lang=\"de\"><span class=\"JLqJ4b ChMk0b\" data-language-for-alternatives=\"de\" data-language-to-translate-into=\"auto\" data-phrase-index=\"0\">Mitglied<\/span><\/span><\/h5>\n<p>&nbsp;<\/p>\n<p>&nbsp;<\/p>\n<div class=\"service-details\">Geboren am 01.06.1958. in Tesli\u0107, wo er die Grund- und weiterf\u00fchrende Schule beendete. Er absolvierte 1981 die Fakult\u00e4t f\u00fcr Wirtschaftswissenschaften in Banja Luka. In HI \u201eDestillation&#8221; a.d. Tesli\u0107 ist seit 1981 im Entwicklungsbereich und sp\u00e4ter in der Beschaffung t\u00e4tig. Heute ist der Leiter des Beschaffungsdienstes und Mitglied der Gesch\u00e4ftsleitung von HI &#8220;Distillation&#8221; a.d. Tesli\u0107.<\/div>\n<p>[\/vc_column_text][\/vc_column][\/vc_row][vc_row][vc_column width=&#8221;1\/4&#8243;][vc_single_image image=&#8221;3855&#8243; img_size=&#8221;full&#8221;][\/vc_column][vc_column width=&#8221;3\/4&#8243;][vc_column_text]<\/p>\n<div class=\"service-column service-info-box service-column-1 service-boxes-icon-with-title alignicon-left alignicon-left-horizontal serviceboxes-horizontal clearfix\">\n<div class=\"service-item service-item-space\">\n<h4 style=\"text-align: center;\">Dr Igor Dodig<\/h4>\n<h5 style=\"text-align: center;\"><span class=\"VIiyi\" lang=\"de\"><span class=\"JLqJ4b ChMk0b\" data-language-for-alternatives=\"de\" data-language-to-translate-into=\"auto\" data-phrase-index=\"0\">Mitglied<\/span><\/span><\/h5>\n<\/div>\n<\/div>\n<p>&nbsp;<\/p>\n<p>&nbsp;<\/p>\n<div class=\"service-column service-info-box service-column-1 service-boxes-icon-with-title alignicon-left alignicon-left-horizontal serviceboxes-horizontal clearfix\">\n<div class=\"service-item service-item-space\">\n<div class=\"service-details\">Geboren 1975 in Banja Luka. Er erhielt den Titel eines Diplomingenieurs f\u00fcr Management an der Fakult\u00e4t f\u00fcr Organisationswissenschaften in Belgrad und schloss sein Aufbaustudium an der Metropolitan University in London ab. Er erhielt den Titel eines Doktors der Wirtschaftswissenschaften an der Signidunum Universit\u00e4t in Belgrad. Seit 2002 ist er Broker und Investment Manager. Seit 2001 arbeitet er in der Investmentfonds-Verwaltungsgesellschaft \u201ePolara Invest&#8221; a.d. Banja Luka, deren Direktor er seit 2008 ist. Dar\u00fcber hinaus arbeitet er als Assistent an der Universit\u00e4t f\u00fcr Wirtschaftsingenieurwesen in Banja Luka. Mitglied des Board of Directors of Destillation seit 2011.<\/div>\n<\/div>\n<\/div>\n<p>[\/vc_column_text][\/vc_column][\/vc_row]<\/p>\n","protected":false},"excerpt":{"rendered":"<p>[vc_row][vc_column width=&#8221;1\/4&#8243;][vc_single_image image=&#8221;3849&#8243;][\/vc_column][vc_column width=&#8221;3\/4&#8243;][vc_column_text] Novo \u0160krebi\u0107 Vostandsvorsitzender &nbsp; &nbsp; Geboren in Tesli\u0107, wo er die Grund- und weiterf\u00fchrende Schule abschloss. Abschluss an der Technischen Fakult\u00e4t in Tuzla. In HI \u201eDestillation&#8221; a.d. Teslic arbeitet seit 1977. Er arbeitete als Werksleiter, Produktionsleiter, technischer Direktor und ist seit 2001 Direktor. Er war Pr\u00e4sident der Handelskammer der Region Doboj [&hellip;]<\/p>\n","protected":false},"author":1,"featured_media":0,"parent":0,"menu_order":0,"comment_status":"closed","ping_status":"closed","template":"page-templates\/template-fullwidth.php","meta":{"footnotes":""},"class_list":["post-3907","page","type-page","status-publish","hentry"],"yoast_head":"<!-- This site is optimized with the Yoast SEO plugin v27.2 - https:\/\/yoast.com\/product\/yoast-seo-wordpress\/ -->\n<title>DER AUFSICHTSRAT &#8211; DESTILACIJA TESLI\u0106<\/title>\n<meta name=\"robots\" content=\"index, follow, max-snippet:-1, max-image-preview:large, max-video-preview:-1\" \/>\n<link rel=\"canonical\" href=\"https:\/\/destilacija.net\/index.php\/upravni-odbor\/\" \/>\n<meta property=\"og:locale\" content=\"sr_RS\" \/>\n<meta property=\"og:type\" content=\"article\" \/>\n<meta property=\"og:title\" content=\"DER AUFSICHTSRAT &#8211; DESTILACIJA TESLI\u0106\" \/>\n<meta property=\"og:description\" content=\"[vc_row][vc_column width=&#8221;1\/4&#8243;][vc_single_image image=&#8221;3849&#8243;][\/vc_column][vc_column width=&#8221;3\/4&#8243;][vc_column_text] Novo \u0160krebi\u0107 Vostandsvorsitzender &nbsp; &nbsp; Geboren in Tesli\u0107, wo er die Grund- und weiterf\u00fchrende Schule abschloss. Abschluss an der Technischen Fakult\u00e4t in Tuzla. In HI \u201eDestillation&#8221; a.d. Teslic arbeitet seit 1977. Er arbeitete als Werksleiter, Produktionsleiter, technischer Direktor und ist seit 2001 Direktor. Er war Pr\u00e4sident der Handelskammer der Region Doboj [&hellip;]\" \/>\n<meta property=\"og:url\" content=\"https:\/\/destilacija.net\/index.php\/upravni-odbor\/?lang=de\" \/>\n<meta property=\"og:site_name\" content=\"DESTILACIJA TESLI\u0106\" \/>\n<meta property=\"article:modified_time\" content=\"2021-01-05T07:34:09+00:00\" \/>\n<meta name=\"twitter:card\" content=\"summary_large_image\" \/>\n<meta name=\"twitter:label1\" content=\"\u041f\u0440\u043e\u0446\u0435\u045a\u0435\u043d\u043e \u0432\u0440\u0435\u043c\u0435 \u0447\u0438\u0442\u0430\u045a\u0430\" \/>\n\t<meta name=\"twitter:data1\" content=\"2 \u043c\u0438\u043d\u0443\u0442\u0430\" \/>\n<script type=\"application\/ld+json\" class=\"yoast-schema-graph\">{\"@context\":\"https:\/\/schema.org\",\"@graph\":[{\"@type\":\"WebPage\",\"@id\":\"https:\/\/destilacija.net\/index.php\/upravni-odbor\/?lang=de\",\"url\":\"https:\/\/destilacija.net\/index.php\/upravni-odbor\/?lang=de\",\"name\":\"DER AUFSICHTSRAT &#8211; DESTILACIJA TESLI\u0106\",\"isPartOf\":{\"@id\":\"https:\/\/destilacija.net\/#website\"},\"datePublished\":\"2020-12-04T11:28:06+00:00\",\"dateModified\":\"2021-01-05T07:34:09+00:00\",\"breadcrumb\":{\"@id\":\"https:\/\/destilacija.net\/index.php\/upravni-odbor\/?lang=de#breadcrumb\"},\"inLanguage\":\"sr-RS\",\"potentialAction\":[{\"@type\":\"ReadAction\",\"target\":[\"https:\/\/destilacija.net\/index.php\/upravni-odbor\/?lang=de\"]}]},{\"@type\":\"BreadcrumbList\",\"@id\":\"https:\/\/destilacija.net\/index.php\/upravni-odbor\/?lang=de#breadcrumb\",\"itemListElement\":[{\"@type\":\"ListItem\",\"position\":1,\"name\":\"\u041f\u043e\u0447\u0435\u0442\u043d\u0430\",\"item\":\"https:\/\/destilacija.net\/\"},{\"@type\":\"ListItem\",\"position\":2,\"name\":\"DER AUFSICHTSRAT\"}]},{\"@type\":\"WebSite\",\"@id\":\"https:\/\/destilacija.net\/#website\",\"url\":\"https:\/\/destilacija.net\/\",\"name\":\"Destilacija Tesli\u0107\",\"description\":\"\",\"publisher\":{\"@id\":\"https:\/\/destilacija.net\/#organization\"},\"potentialAction\":[{\"@type\":\"SearchAction\",\"target\":{\"@type\":\"EntryPoint\",\"urlTemplate\":\"https:\/\/destilacija.net\/?s={search_term_string}\"},\"query-input\":{\"@type\":\"PropertyValueSpecification\",\"valueRequired\":true,\"valueName\":\"search_term_string\"}}],\"inLanguage\":\"sr-RS\"},{\"@type\":\"Organization\",\"@id\":\"https:\/\/destilacija.net\/#organization\",\"name\":\"Destilacija Tesli\u0107\",\"url\":\"https:\/\/destilacija.net\/\",\"logo\":{\"@type\":\"ImageObject\",\"inLanguage\":\"sr-RS\",\"@id\":\"https:\/\/destilacija.net\/#\/schema\/logo\/image\/\",\"url\":\"https:\/\/destilacija.net\/wp-content\/uploads\/2021\/01\/shutterstock_1021177186-Copy.jpg\",\"contentUrl\":\"https:\/\/destilacija.net\/wp-content\/uploads\/2021\/01\/shutterstock_1021177186-Copy.jpg\",\"width\":2558,\"height\":1706,\"caption\":\"Destilacija Tesli\u0107\"},\"image\":{\"@id\":\"https:\/\/destilacija.net\/#\/schema\/logo\/image\/\"}}]}<\/script>\n<!-- \/ Yoast SEO plugin. -->","yoast_head_json":{"title":"DER AUFSICHTSRAT &#8211; DESTILACIJA TESLI\u0106","robots":{"index":"index","follow":"follow","max-snippet":"max-snippet:-1","max-image-preview":"max-image-preview:large","max-video-preview":"max-video-preview:-1"},"canonical":"https:\/\/destilacija.net\/index.php\/upravni-odbor\/","og_locale":"sr_RS","og_type":"article","og_title":"DER AUFSICHTSRAT &#8211; DESTILACIJA TESLI\u0106","og_description":"[vc_row][vc_column width=&#8221;1\/4&#8243;][vc_single_image image=&#8221;3849&#8243;][\/vc_column][vc_column width=&#8221;3\/4&#8243;][vc_column_text] Novo \u0160krebi\u0107 Vostandsvorsitzender &nbsp; &nbsp; Geboren in Tesli\u0107, wo er die Grund- und weiterf\u00fchrende Schule abschloss. Abschluss an der Technischen Fakult\u00e4t in Tuzla. In HI \u201eDestillation&#8221; a.d. Teslic arbeitet seit 1977. Er arbeitete als Werksleiter, Produktionsleiter, technischer Direktor und ist seit 2001 Direktor. Er war Pr\u00e4sident der Handelskammer der Region Doboj [&hellip;]","og_url":"https:\/\/destilacija.net\/index.php\/upravni-odbor\/?lang=de","og_site_name":"DESTILACIJA TESLI\u0106","article_modified_time":"2021-01-05T07:34:09+00:00","twitter_card":"summary_large_image","twitter_misc":{"\u041f\u0440\u043e\u0446\u0435\u045a\u0435\u043d\u043e \u0432\u0440\u0435\u043c\u0435 \u0447\u0438\u0442\u0430\u045a\u0430":"2 \u043c\u0438\u043d\u0443\u0442\u0430"},"schema":{"@context":"https:\/\/schema.org","@graph":[{"@type":"WebPage","@id":"https:\/\/destilacija.net\/index.php\/upravni-odbor\/?lang=de","url":"https:\/\/destilacija.net\/index.php\/upravni-odbor\/?lang=de","name":"DER AUFSICHTSRAT &#8211; DESTILACIJA TESLI\u0106","isPartOf":{"@id":"https:\/\/destilacija.net\/#website"},"datePublished":"2020-12-04T11:28:06+00:00","dateModified":"2021-01-05T07:34:09+00:00","breadcrumb":{"@id":"https:\/\/destilacija.net\/index.php\/upravni-odbor\/?lang=de#breadcrumb"},"inLanguage":"sr-RS","potentialAction":[{"@type":"ReadAction","target":["https:\/\/destilacija.net\/index.php\/upravni-odbor\/?lang=de"]}]},{"@type":"BreadcrumbList","@id":"https:\/\/destilacija.net\/index.php\/upravni-odbor\/?lang=de#breadcrumb","itemListElement":[{"@type":"ListItem","position":1,"name":"\u041f\u043e\u0447\u0435\u0442\u043d\u0430","item":"https:\/\/destilacija.net\/"},{"@type":"ListItem","position":2,"name":"DER AUFSICHTSRAT"}]},{"@type":"WebSite","@id":"https:\/\/destilacija.net\/#website","url":"https:\/\/destilacija.net\/","name":"Destilacija Tesli\u0107","description":"","publisher":{"@id":"https:\/\/destilacija.net\/#organization"},"potentialAction":[{"@type":"SearchAction","target":{"@type":"EntryPoint","urlTemplate":"https:\/\/destilacija.net\/?s={search_term_string}"},"query-input":{"@type":"PropertyValueSpecification","valueRequired":true,"valueName":"search_term_string"}}],"inLanguage":"sr-RS"},{"@type":"Organization","@id":"https:\/\/destilacija.net\/#organization","name":"Destilacija Tesli\u0107","url":"https:\/\/destilacija.net\/","logo":{"@type":"ImageObject","inLanguage":"sr-RS","@id":"https:\/\/destilacija.net\/#\/schema\/logo\/image\/","url":"https:\/\/destilacija.net\/wp-content\/uploads\/2021\/01\/shutterstock_1021177186-Copy.jpg","contentUrl":"https:\/\/destilacija.net\/wp-content\/uploads\/2021\/01\/shutterstock_1021177186-Copy.jpg","width":2558,"height":1706,"caption":"Destilacija Tesli\u0107"},"image":{"@id":"https:\/\/destilacija.net\/#\/schema\/logo\/image\/"}}]}},"_links":{"self":[{"href":"https:\/\/destilacija.net\/index.php\/wp-json\/wp\/v2\/pages\/3907","targetHints":{"allow":["GET"]}}],"collection":[{"href":"https:\/\/destilacija.net\/index.php\/wp-json\/wp\/v2\/pages"}],"about":[{"href":"https:\/\/destilacija.net\/index.php\/wp-json\/wp\/v2\/types\/page"}],"author":[{"embeddable":true,"href":"https:\/\/destilacija.net\/index.php\/wp-json\/wp\/v2\/users\/1"}],"replies":[{"embeddable":true,"href":"https:\/\/destilacija.net\/index.php\/wp-json\/wp\/v2\/comments?post=3907"}],"version-history":[{"count":5,"href":"https:\/\/destilacija.net\/index.php\/wp-json\/wp\/v2\/pages\/3907\/revisions"}],"predecessor-version":[{"id":3911,"href":"https:\/\/destilacija.net\/index.php\/wp-json\/wp\/v2\/pages\/3907\/revisions\/3911"}],"wp:attachment":[{"href":"https:\/\/destilacija.net\/index.php\/wp-json\/wp\/v2\/media?parent=3907"}],"curies":[{"name":"wp","href":"https:\/\/api.w.org\/{rel}","templated":true}]}}